 -l*y. Calculate the remainder when z*4/12*111 is divided by 13.
11
Suppose -4*l = 20, l - 1 = -j + 1. What is the remainder when j is divided by 2?
1
Suppose -5*a = v - 35, -3*a = -5*v + 7*v - 21. What is the remainder when 58 is divided by a?
2
Let q = -295 + 344. What is the remainder when 94 is divided by q?
45
Let i = 24 - 2. Let a = -10 + i. What is the remainder when 45 is divided by a?
9
Let w(j) = j**3 + j**2 - j. Let z be w(1). Let l(q) = 8*q - 1 - 9*q + 11*q + 3*q. What is the remainder when 35 is divided by l(z)?
11
Let c = -2 - -1. Let i be (-1 + (0 - -1))/c. Suppose 0 = 4*f - u - 290, i = 5*f + u + u - 369. What is the remainder when f is divided by 25?
23
Let m be (-252)/(-60) - 8/(-10). Calculate the remainder when 7 is divided by ((-3)/m)/((-1)/5).
1
Suppose 13 = 4*j + 45. Let k(p) = -p - 11. Let q be k(j). Let h(y) = y**3 + 7*y**2 + 2*y - 1. What is the remainder when h(q) is divided by 10?
9
Calculate the remainder when (-1500)/8*(-3 + (-56)/(-24)) is divided by 18.
17
Suppose 67*t + 165 = 72*t. What is the remainder when 824 is divided by t?
32
Suppose 3*q - 2*t = 183, 6*q - q - 3*t - 304 = 0. Calculate the remainder when q is divided by 7.
3
Let w = 1464 + -1401. Calculate the remainder when 440 is divided by w.
62
Suppose 0*k = 5*k - 265. Suppose -232 = 15*p - 13*p. Let z = -102 - p. What is the remainder when k is divided by z?
11
Suppose -5*p - 2*x + 165 = 0, 12 + 8 = -4*x. What is the remainder when 454 is divided by p?
34
Suppose 0 = 3*x - 46 - 77. Suppose 191 = 6*a + x. What is the remainder when 73 is divided by a?
23
Let p = -60 + 20. Calculate the remainder when (-1 + -1 + 1)*0 - p is divided by 7.
5
Let v(w) = 5*w**2 - 4*w + 2. Let l(k) = -k + 4. Let c be l(2). Calculate the remainder when 39 is divided by v(c).
11
Let a(n) = -5*n + 21. What is the remainder when 137 is divided by a(3)?
5
Let t = -3 + 8. Let n = -14 - -21. Suppose n*s + 0*s - 21 = 0. Calculate the remainder when t is divided by s.
2
Calculate the remainder when 874 is divided by ((-7923)/(-76))/3 + 2/8.
34
Suppose -3 = 5*p + 3*g - 26, 9 = 2*p + g. Suppose 72 = p*c - 52. What is the remainder when c is divided by 7?
3
Suppose -2*y = -0*y - 44. Let m = 693 + -681. What is the remainder when y is divided by m?
10
Let g(z) = -z**2 + 9*z + 19. Let j be g(8). Suppose -20 - 3 = -4*t + 3*y, -5*t + 2*y = -j. What is the remainder when 12 is divided by t?
2
Let z = 266 + -248. Calculate the remainder when 52 is divided by z.
16
Let o(m) = -m + 20. Let c be o(7). What is the remainder when ((-2)/(-6))/(c/1599) is divided by 15?
11
Let k(c) = 0*c**2 - c**2 + 9 + 7 + 12*c - 6. Let s be 3/6 - 38/(-4). What is the remainder when k(s) is divided by 11?
8
Let k = -316 - -390. Calculate the remainder when k is divided by 11.
8
Let x(z) = -z**3 + z. Let t be x(1). Suppose -5*q - 11 + 66 = t. Let g = 50 + -19. Calculate the remainder when g is divided by q.
9
Suppose 28 = 3*u + 16. Calculate the remainder when 14 is divided by u.
2
Let y(f) = 2*f**3 - f**2 + 3*f - 5. What is the remainder when 52 is divided by y(2)?
0
Let b(t) = 5*t**2 - 6*t**2 + 5*t + 0*t**2 + 3. Let h be b(5). Suppose h*p - 199 = -4*u, 0*p + 3*u = p - 49. Calculate the remainder when p is divided by 9.
7
Suppose 3*j + 92 + 139 = 5*g, -4*j - 143 = -3*g. Calculate the remainder when 45 is divided by g.
0
Suppose n - 888 = -795. Let g(x) = -x**3 - 6*x**2 - 5*x + 2. What is the remainder when n is divided by g(-6)?
29
Let s(i) = 2*i - 6. Let x be s(5). Suppose -x - 10 = -2*r. What is the remainder when 27 is divided by r?
6
Let h = 2574 + -1041. Calculate the remainder when h is divided by 8.
5
Let a(o) be the third derivative of -o**5/30 - 13*o**4/24 - o**3/2 + 25*o**2. What is the remainder when 6 is divided by a(-6)?
0
Suppose 0 = 224*x - 229*x + 715. Calculate the remainder when x is divided by 12.
11
Let b be (-15)/(-7) - (-9)/(-63). Suppose 0 = 5*t + 5*x + 15, -4*t + 2*x = 4*x + 6. Suppose b*u + t*u = 66. What is the remainder when u is divided by 9?
6
What is the remainder when 1 + -1 - 52/(-2) is divided by 29/((-87)/63)*4/(-6)?
12
Suppose -9 + 4 = -5*m, -179 = -4*n + 5*m. Calculate the remainder when 136 is divided by n.
44
Suppose 2*r - 5*s + 14 = 0, -3*s + 2 = -3*r - 1. What is the remainder when 7/(-2)*(r - 5) is divided by 2?
1
Suppose -2*u = 0, k + 0*k - 6 = 4*u. Suppose k = -7*j + 9*j. Let d(n) = -n - 1. What is the remainder when j is divided by d(-2)?
0
Let q(p) = 14*p + 2. Calculate the remainder when q(6) is divided by 3*-55*6/(-45).
20
Suppose 0 = 5*v + 3*q - 269, 12*v = 9*v + 5*q + 141. What is the remainder when 138 is divided by v?
34
Calculate the remainder when (-669)/(-30) - 57/190 is divided by 4.
2
Let j = -83 - -121. Suppose j + 87 = 5*t. What is the remainder when 99 is divided by t?
24
Suppose 3*r = -8*p + 3*p + 90, -p = 3*r - 6. Calculate the remainder when 75 is divided by p.
12
Suppose -682 = -29*f + 7*f. What is the remainder when f is divided by 23?
8
Let h be 2/(-1)*30/20. Let b(n) = -n**3 + 3*n**2 + 3*n - 4. Let l be b(h). Suppose 2*k - l = -11. Calculate the remainder when 26 is divided by k.
11
Let g = 46 + -25. What is the remainder when 125 is divided by g?
20
Suppose 4*g = -15 - 1. Let b be 4 + g/((-12)/(-9)). Suppose -3*a = -16 + b. What is the remainder when 14 is divided by a?
4
Suppose 407 = 11*o - 220. What is the remainder when 340 is divided by o?
55
Let w = -301 - -319. Calculate the remainder when 51 is divided by w.
15
Suppose -2*q - 2*a - 12 = 0, 3*q - 6*q + 4*a = 4. Suppose -10 = 5*o - 0. What is the remainder when q/8*(-36 - o) is divided by 9?
8
Let x be (-4 + 0)/((-3)/(-9)). Suppose 4*b = 3*g + g - 32, -g - 8 = 3*b. Calculate the remainder when 43 is divided by -27*-1*b/x.
7
Calculate the remainder when 161 is divided by 40 + (-2 - -5) - (-2 - -2).
32
Let z(j) = -j**2 - 16*j - 29. Calculate the remainder when 82 is divided by z(-11).
4
Suppose 4*c - 107 = -15. Suppose 0 = 2*p - 3*l - c, 3*p + 3*l - 4*l = 45. What is the remainder when 29 is divided by p?
13
Let v be (-12 - -11)*3/1 - -1. Calculate the remainder when (-11)/v*(34 + -8) is divided by 16.
15
Let n(c) = -c**3 + 5*c**2 + c + 1. Suppose -1 = -l + 4. Let b = -12 - -21. Calculate the remainder when b is divided by n(l).
3
Suppose 0 = 2*g - 0*g. Suppose -2*x - 15 = -5*d + 4*d, g = -5*d + 4*x + 81. Suppose -28 = -5*l + d. What is the remainder when 25 is divided by l?
7
Let s(h) = 2*h + 14. Let l(g) = -3 + 4*g - 4 - 10. Let z be l(7). Calculate the remainder when s(z) is divided by 13.
10
Let d(b) = 0*b + 2*b - b. Let c(j) = -4*j + 21. Let u(o) = c(o) + 3*d(o). What is the remainder when 21 is divided by u(10)?
10
Suppose -p + 0 = -f + 2, 4*f = -4*p + 16. Suppose f*r - 5*d - 53 = 0, 3*r = 4*d + 47 + 5. What is the remainder when 47 is divided by r?
15
Let r = 262 + -145. What is the remainder when r is divided by 40?
37
Suppose -429 = -14*m + 1013. Calculate the remainder when m is divided by 30.
13
Calculate the remainder when 37 is divided by (-18)/189 - 443/(-21).
16
Suppose 0 = 5*g - 2*g - 48. Let v = -5164 + 5218. Calculate the remainder when v is divided by g.
6
Suppose 0*u - 4*u = -2*y + 28, 0 = y + 3*u - 14. Suppose i + 4*d = 43, -4*i + 19 + 81 = -2*d. What is the remainder when i is divided by y?
13
Let u = 6 - 2. Suppose -17 = -i + u. Calculate the remainder when i is divided by 60/12 - ((-48)/6)/8.
3
Suppose 2*r - 4 = 34. What is the remainder when 74 is divided by r?
17
Let p(t) be the third derivative of t**5/20 + t**3 + 6*t**2 - 4. Let b(q) = -q**3 + 9*q**2 - 6*q - 1. What is the remainder when b(6) is divided by p(-2)?
17
Let a(v) = v**2 - 14*v + 37. Let t be a(10). What is the remainder when 61 is divided by (t - 2) + 182/13?
7
Suppose 27*i = 28*i. Let n(g) = g**3 + g**2 + g + 29. What is the remainder when 115 is divided by n(i)?
28
Suppose 0 = -5*p + 10, 4*i + 41 + 11 = -2*p. Let c = 11 + i. What is the remainder when 19 is divided by 168/15 - c/(-15)?
8
Let m(s) = -3*s + 1. Let c be m(-1). Suppose -5*d = 2*i - 34 - 12, -2*d + 12 = c*i. Suppose -4*g = -358 - d. Calculate the remainder when g is divided by 31.
30
Let r = -41 - -31. Let s = -1 - r. What is the remainder when 17 is divided by s?
8
Let o = 27 + 7. Let r = -197 + 209. What is the remainder when o is divi